 by 9.
8
Calculate the remainder when 840 is divided by 213.
201
Calculate the remainder when 48 is divided by 33.
15
What is the remainder when 48 is divided by 20?
8
What is the remainder when 235 is divided by 4?
3
What is the remainder when 10948 is divided by 74?
70
Calculate the remainder when 6629 is divided by 51.
50
What is the remainder when 13 is divided by 10?
3
What is the remainder when 327 is divided by 104?
15
Calculate the remainder when 2402 is divided by 65.
62
What is the remainder when 8054 is divided by 152?
150
What is the remainder when 258 is divided by 52?
50
What is the remainder when 1100 is divided by 101?
90
What is the remainder when 93 is divided by 16?
13
Calculate the remainder when 1746 is divided by 10.
6
What is the remainder when 251 is divided by 97?
57
What is the remainder when 202 is divided by 15?
7
What is the remainder when 1432 is divided by 77?
46
Calculate the remainder when 324 is divided by 13.
12
Calculate the remainder when 7190 is divided by 8.
6
Calculate the remainder when 1804 is divided by 61.
35
Calculate the remainder when 1441 is divided by 145.
136
Calculate the remainder when 41 is divided by 8.
1
What is the remainder when 8602 is divided by 7?
6
What is the remainder when 289 is divided by 102?
85
What is the remainder when 158 is divided by 59?
40
Calculate the remainder when 179 is divided by 8.
3
What is the remainder when 3243 is divided by 1081?
0
Calculate the remainder when 7355 is divided by 10.
5
What is the remainder when 70 is divided by 8?
6
What is the remainder when 236 is divided by 22?
16
What is the remainder when 7646 is divided by 255?
251
Calculate the remainder when 872 is divided by 432.
8
Calculate the remainder when 77397 is divided by 15.
12
Calculate the remainder when 2998 is divided by 200.
198
What is the remainder when 1793 is divided by 5?
3
What is the remainder when 262 is divided by 19?
15
Calculate the remainder when 1340 is divided by 11.
9
Calculate the remainder when 9601 is divided by 49.
46
Calculate the remainder when 2549 is divided by 57.
41
What is the remainder when 376 is divided by 174?
28
Calculate the remainder when 177 is divided by 60.
57
Calculate the remainder when 151 is divided by 8.
7
What is the remainder when 38 is divided by 29?
9
What is the remainder when 16703 is divided by 5567?
2
Calculate the remainder when 1013 is divided by 10.
3
What is the remainder when 1154 is divided by 35?
34
Calculate the remainder when 234 is divided by 17.
13
Calculate the remainder when 2454 is divided by 103.
85
Calculate the remainder when 39 is divided by 25.
14
Calculate the remainder when 3221 is divided by 7.
1
What is the remainder when 95 is divided by 40?
15
What is the remainder when 7018 is divided by 99?
88
Calculate the remainder when 81 is divided by 79.
2
Calculate the remainder when 128 is divided by 13.
11
What is the remainder when 573 is divided by 64?
61
Calculate the remainder when 547 is divided by 69.
64
Calculate the remainder when 661 is divided by 54.
13
What is the remainder when 431 is divided by 206?
19
What is the remainder when 159 is divided by 10?
9
Calculate the remainder when 62 is divided by 22.
18
What is the remainder when 6057 is divided by 13?
12
Calculate the remainder when 64 is divided by 10.
4
What is the remainder when 103 is divided by 7?
5
Calculate the remainder when 217 is divided by 15.
7
Calculate the remainder when 2028 is divided by 48.
12
Calculate the remainder when 1158 is divided by 371.
45
Calculate the remainder when 376 is divided by 131.
114
Calculate the remainder when 417 is divided by 38.
37
Calculate the remainder when 323 is divided by 38.
19
Calculate the remainder when 467 is divided by 39.
38
What is the remainder when 348 is divided by 302?
46
What is the remainder when 300 is divided by 64?
44
Calculate the remainder when 1340 is divided by 48.
44
Calculate the remainder when 5539 is divided by 17.
14
What is the remainder when 322 is divided by 12?
10
Calculate the remainder when 1032 is divided by 32.
8
What is the remainder when 946 is divided by 13?
10
What is the remainder when 186 is divided by 21?
18
What is the remainder when 1086 is divided by 358?
12
What is the remainder when 50 is divided by 28?
22
What is the remainder when 313 is divided by 30?
13
What is the remainder when 109 is divided by 24?
13
Calculate the remainder when 104 is divided by 50.
4
What is the remainder when 525 is divided by 67?
56
Calculate the remainder when 92 is divided by 24.
20
Calculate the remainder when 11 is divided by 1.
0
What is the remainder when 1049 is divided by 70?
69
What is the remainder when 240 is divided by 48?
0
Calculate the remainder when 384 is divided by 35.
34
Calculate the remainder when 214 is divided by 60.
34
What is the remainder when 322 is divided by 45?
7
What is the remainder when 334 is divided by 7?
5
Calculate the remainder when 14510 is divided by 55.
45
What is the remainder when 185 is divided by 34?
15
What is the remainder when 100 is divided by 26?
22
What is the remainder when 150 is divided by 7?
3
What is the remainder when 197 is divided by 25?
22
What is the remainder when 22 is divided by 9?
4
What is the remainder when 599 is divided by 40?
39
What is the remainder when 144 is divided by 16?
0
What is the remainder when 1845 is divided by 14?
11
What is the remainder when 475 is divided by 155?
10
What is the remainder when 624 is divided by 2?
0
Calculate the remainder when 482 is divided by 23.
22
What is the remainder when 429 is divided by 138?
15
Calculate the remainder when 835 is divided by 417.
1
Calculate the remainder when 22 is divided by 13.
9
What is the remainder when 611 is divided by 88?
83
Calculate the remainder when 340 is divided by 22.
10
Calculate the remainder when 1942 is divided by 67.
66
Calculate the remainder when 260 is divided by 78.
26
What is the remainder when 1661 is divided by 13?
10
Calculate the remainder when 443 is divided by 76.
63
Calculate the remainder when 6838 is divided by 31.
18
Calculate the remainder when 254 is divided by 16.
14
Calculate the remainder when 86 is divided by 23.
17
What is the remainder when 135 is divided by 28?
23
What is the remainder when 1529 is divided by 128?
121
What is the remainder when 71 is divided by 8?
7
What is the remainder when 2455 is divided by 63?
61
Calculate the remainder when 227 is divided by 118.
109
What is the remainder when 331 is divided by 9?
7
What is the remainder when 1747 is divided by 76?
75
What is the remainder when 65 is divided by 15?
5
What is the remainder when 920 is divided by 117?
101
Calculate the remainder when 254 is divided by 32.
30
Calculate the remainder when 329 is divided by 23.
7
Calculate the remainder when 355 is divided by 55.
25
What is the remainder when 379 is divided by 55?
49
Calculate the remainder when 461 is divided by 162.
137
What is the remainder when 229 is divided by 46?
45
What is the remainder when 188 is divided by 43?
16
Calculate the remainder when 2089 is divided by 116.
1
Calculate the remainder when 239 is divided by 3.
2
What is the remainder when 47 is divided by 26?
21
What is the remainder when 374 is divided by 49?
31
What is the remainder when 243 is divided by 67?
42
Calculate the remainder when 2184 is divided by 22.
6
What is the remainder when 370 is divided by 13?
6
What is the remainder when 4880 is divided by 181?
174
Calculate the remainder when 480 is divided by 69.
66
What is the remainder when 28 is divided by 8?
4
Calculate the remainder when 137 is divided by 37.
26
What is the remainder when 190 is divided by 101?
89
What is the remainder when 10987 is divided by 297?
295
Calculate the remainder when 305 is divided by 62.
57
Calculate the remainder when 129 is divided by 116.
13
Calculate the remainder when 519 is divided by 513.
6
Calculate the remainder when 428 is divided by 29.
22
Calculate the remainder when 704 is divided by 63.
11
Calculate the remainder when 69 is divided by 33.
3
What is the remainder when 138 is divided by 66?
6
What is the remainder when 338 is divided by 31?
28
What is the remainder when 21 is divided by 10?
1
Calculate the remainder when